t is the hundreds digit of 211173031?
0
What is the ten millions digit of 3657630329?
5
What is the hundred millions digit of 452186447?
4
What is the units digit of 3856545798?
8
What is the hundred thousands digit of 19945968?
9
What is the units digit of 167307787?
7
What is the millions digit of 7866753658?
6
What is the thousands digit of 504031351?
1
What is the ten thousands digit of 4454213?
5
What is the millions digit of 211521516?
1
What is the hundred millions digit of 1315130463?
3
What is the thousands digit of 105140209?
0
What is the tens digit of 72208747?
4
What is the units digit of 561931276?
6
What is the ten millions digit of 30300364?
3
What is the tens digit of 668633018?
1
What is the thousands digit of 593539193?
9
What is the ten thousands digit of 5718146026?
4
What is the thousands digit of 34350010?
0
What is the ten thousands digit of 465952581?
5
What is the thousands digit of 48776314?
6
What is the millions digit of 84777122?
4
What is the ten millions digit of 798710198?
9
What is the units digit of 1325291785?
5
What is the thousands digit of 33364177?
4
What is the hundred thousands digit of 1951952946?
9
What is the units digit of 3122354738?
8
What is the tens digit of 14199944?
4
What is the tens digit of 125370160?
6
What is the tens digit of 88038894?
9
What is the millions digit of 3416907915?
6
What is the ten millions digit of 105566456?
0
What is the ten millions digit of 2076497064?
7
What is the hundred thousands digit of 265532365?
5
What is the millions digit of 696280326?
6
What is the thousands digit of 96219920?
9
What is the hundreds digit of 434733793?
7
What is the hundred millions digit of 1670995269?
6
What is the ten millions digit of 569660826?
6
What is the thousands digit of 84458905?
8
What is the ten thousands digit of 278140943?
4
What is the ten millions digit of 52779963?
5
What is the tens digit of 116858577?
7
What is the units digit of 1078161016?
6
What is the tens digit of 150669198?
9
What is the hundreds digit of 1525773830?
8
What is the millions digit of 593450334?
3
What is the hundreds digit of 2764445994?
9
What is the thousands digit of 2273527009?
7
What is the thousands digit of 39805251?
5
What is the ten millions digit of 3029597157?
2
What is the units digit of 465460945?
5
What is the millions digit of 119890885?
9
What is the ten thousands digit of 882556636?
5
What is the ten thousands digit of 3688747766?
4
What is the hundred millions digit of 6849936322?
8
What is the hundred thousands digit of 1308301?
3
What is the thousands digit of 525127738?
7
What is the tens digit of 166648513?
1
What is the thousands digit of 4809422?
9
What is the hundreds digit of 1438370462?
4
What is the hundreds digit of 192359845?
8
What is the hundreds digit of 5119744465?
4
What is the thousands digit of 118182813?
2
What is the ten thousands digit of 23332036?
3
What is the units digit of 966114866?
6
What is the hundred thousands digit of 20431782?
4
What is the ten millions digit of 48220559?
4
What is the hundreds digit of 209779070?
0
What is the ten millions digit of 175014311?
7
What is the units digit of 324951923?
3
What is the millions digit of 405316647?
5
What is the billions digit of 1040313441?
1
What is the units digit of 7609700113?
3
What is the hundreds digit of 159889736?
7
What is the thousands digit of 142670598?
0
What is the ten millions digit of 110358166?
1
What is the ten millions digit of 760313907?
6
What is the tens digit of 53890313?
1
What is the hundreds digit of 174010073?
0
What is the ten thousands digit of 449368699?
6
What is the ten thousands digit of 4572674622?
7
What is the ten millions digit of 96309363?
9
What is the tens digit of 685639783?
8
What is the millions digit of 25264707?
5
What is the ten thousands digit of 138928885?
2
What is the tens digit of 134482667?
6
What is the ten thousands digit of 3123440086?
4
What is the tens digit of 22214906?
0
What is the hundreds digit of 39381606?
6
What is the hundred thousands digit of 3062047?
0
What is the units digit of 79065385?
5
What is the thousands digit of 284265894?
5
What is the ten millions digit of 133824963?
3
What is the ten thousands digit of 49127170?
2
What is the millions digit of 136408497?
6
What is the millions digit of 1780047739?
0
What is the hundreds digit of 59951916?
9
What is the ten thousands digit of 38532717?
3
What is the ten millions digit of 15324070?
1
What is the hundreds digit of 37377048?
0
What is the thousands digit of 12857442?
7
What is the hundred millions digit of 286140083?
2
What is the ten millions digit of 88564629?
8
What is the units digit of 74900987?
7
What is the ten millions digit of 3982608908?
8
What is the thousands digit of 466489282?
9
What is the ten thousands digit of 777584495?
8
What is the hundred thousands digit of 56569328?
5
What is the tens digit of 271012381?
8
What is the thousands digit of 207359938?
9
What is the ten millions digit of 271384468?
7
What is the thousands digit of 51107477?
7
What is the billions digit of 1216485574?
1
What is the millions digit of 18007429?
8
What is the hundred thousands digit of 458744251?
7
What is the hundred thousands digit of 171859928?
8
What is the thousands digit of 170354090?
4
What is the ten millions digit of 26951300?
2
What is the thousands digit of 42472459?
2
What is the ten thousands digit of 37987134?
8
What is the thousands digit of 16710897?
0
What is the hundred thousands digit of 808100166?
1
What is the units digit of 86465548?
8
What is the hundred millions digit of 332352474?
3
What is the tens digit of 44746844?
4
What is the thousands digit of 3420443?
0
What is the hundred thousands digit of 382461383?
4
What is the hundreds digit of 381035154?
1
What is the ten thousands digit of 882477311?
7
What is the ten thousands digit of 93373219?
7
What is the millions digit of 13414956?
3
What is the ten millions digit of 131910318?
3
What is the hundreds digit of 67962456?
4
What is the hundreds digit of 176873422?
4
What is the hundred millions digit of 807517020?
8
What is the ten thousands digit of 40387736?
8
What is the tens digit of 25744739?
3
What is the hundred millions digit of 693918484?
6
What is the ten millions digit of 94103158?
9
What is the hundred thousands digit of 1031137949?
1
What is the thousands digit of 195393249?
3
What is the tens digit of 137111413?
1
What is the ten millions digit of 214796426?
1
What is the ten thousands digit of 34901613?
0
What is the hundred thousands digit of 2461228513?
2
What is the tens digit of 4438921105?
0
What is the tens digit of 460055306?
0
What is the hundred millions digit of 227451049?
2
What is the millions digit of 6494779943?
4
What is the hundreds digit of 157130022?
0
What is the units digit of 180137904?
4
What is the units digit of 495224628?
8
What is the tens digit of 54404354?
5
What is the thousands digit of 1653878132?
8
What is the ten millions digit of 114132490?
1
What is the hundreds digit of 24118299?
2
What is the hundreds digit of 16356459?
4
What is the thousands digit of 65262177?
2
What is the tens digit of 322330016?
1
What is the units digit of 88178394?
4
What is the hundreds digit of 12491793?
7
What is the billions digit of 1985606142?
1
What is the ten millions digit of 23397766?
2
What is the hundred thousands digit of 12717584?
7
What is the tens digit of 8222742?
4
What is the units digit of 163377391?
1
What is the millions digit of 7794992?
7
What is the ten thousands digit of 108271921?
7
What is the hundred thousands digit of 71354599?
3
What is the millions digit of 17978126?
7
What is the hundred thousands digit of 17507425?
5
What is the hundreds digit of 1545496149?
1
What is the ten millions digit of 107303360?
0
What is the ten thousands digit of 8134653815?
5
What is the tens digit of 5570166255?
5
What is the hundred thousands digit of 8694189?
6
What is the ten thousands digit of 143533357?
3
What is the hundreds digit of 35221001?
0
What is the thousands digit of 937277325?
7
What is the hundred thousands digit of 34590176?
5
What is the ten thousands digit of 274625607?
2
What is the units digit of 391888276?
6
What is the ten thousands digit o